r of 44819373 and 129.
129
What is the greatest common divisor of 12756 and 1414853?
1063
What is the highest common divisor of 5928 and 1902056?
104
Calculate the highest common divisor of 136756421 and 623.
89
Calculate the highest common divisor of 242854 and 5549.
31
Calculate the highest common divisor of 3632207 and 94.
47
What is the highest common factor of 30680 and 2060435?
65
What is the highest common divisor of 181749447 and 594?
297
What is the highest common divisor of 8673 and 241959?
177
What is the greatest common factor of 4348658 and 10073?
1439
What is the greatest common factor of 1070 and 16912634?
214
What is the highest common factor of 5868044 and 3948?
1316
What is the highest common divisor of 1872684 and 22638?
66
What is the highest common divisor of 37275 and 11106175?
1775
Calculate the greatest common divisor of 24 and 11210464.
8
What is the highest common divisor of 10320066 and 16110?
3222
Calculate the highest common divisor of 46626824 and 8.
8
Calculate the greatest common divisor of 8032 and 124593890.
502
What is the greatest common divisor of 1483244 and 2968?
28
Calculate the greatest common divisor of 1738078300 and 700.
700
What is the highest common factor of 107179726 and 249?
83
What is the greatest common factor of 253688 and 203414?
38
Calculate the highest common divisor of 20374480 and 240.
80
Calculate the greatest common divisor of 16238 and 5370542.
706
Calculate the greatest common divisor of 8432 and 19408976.
496
Calculate the highest common factor of 480960921 and 3.
3
Calculate the greatest common factor of 81722 and 61915.
29
Calculate the highest common divisor of 1392 and 392436.
12
What is the highest common factor of 33180075 and 1796605?
10385
Calculate the greatest common factor of 2389266 and 28974.
66
What is the highest common divisor of 2156 and 46623731?
77
What is the highest common factor of 18 and 59406462?
18
Calculate the highest common factor of 14144 and 497488.
272
What is the highest common divisor of 315 and 5508930?
105
What is the greatest common factor of 518602175 and 2626?
1313
What is the greatest common factor of 3756825 and 639297?
2547
What is the greatest common divisor of 286 and 14322638?
22
Calculate the highest common factor of 7913 and 17794.
41
Calculate the highest common divisor of 409704 and 34464.
24
What is the greatest common factor of 26400431 and 18825?
251
What is the greatest common factor of 27 and 23198607?
9
Calculate the greatest common divisor of 515 and 2945.
5
Calculate the highest common divisor of 14 and 188215132.
14
What is the greatest common divisor of 533101205 and 2366?
1183
What is the greatest common divisor of 970 and 20543630?
970
What is the greatest common divisor of 3006 and 1333662?
1002
Calculate the highest common divisor of 3681228 and 376854.
642
Calculate the highest common divisor of 56597338 and 7742.
1106
What is the greatest common factor of 1635354924 and 1932?
1932
What is the highest common divisor of 88393696 and 234144?
8672
What is the highest common factor of 2993 and 17700091?
73
What is the highest common divisor of 5187 and 8686002?
741
Calculate the highest common divisor of 11663 and 6180641.
107
What is the highest common divisor of 4847075 and 50?
25
What is the greatest common divisor of 2685181 and 16997?
23
Calculate the greatest common divisor of 30 and 49773870.
30
What is the highest common divisor of 1291374 and 28?
14
Calculate the greatest common divisor of 493 and 2407.
29
Calculate the highest common divisor of 39 and 150263061.
39
Calculate the greatest common divisor of 36587584 and 32.
32
Calculate the highest common divisor of 315 and 688680.
45
Calculate the highest common divisor of 286 and 133776214.
286
Calculate the greatest common factor of 31947 and 26933.
23
What is the highest common divisor of 10105 and 1294085?
215
What is the highest common factor of 106917 and 12981?
3
What is the greatest common divisor of 633796 and 4204?
4
Calculate the highest common divisor of 2859612690 and 515.
515
Calculate the highest common divisor of 697480777 and 238.
119
Calculate the highest common divisor of 43427450 and 22.
22
Calculate the highest common factor of 79558800 and 432.
48
What is the highest common divisor of 90 and 40607790?
30
Calculate the highest common factor of 3461458 and 12922.
182
What is the highest common factor of 1903876 and 27716?
2132
What is the greatest common factor of 19745 and 9236711?
3949
Calculate the greatest common divisor of 587905 and 40981.
383
What is the highest common factor of 401774 and 1736106?
3686
What is the greatest common divisor of 10386945 and 9585?
3195
What is the greatest common divisor of 450698667 and 1977?
1977
Calculate the greatest common divisor of 5248 and 2935104.
64
What is the highest common factor of 10248984 and 864?
216
What is the highest common divisor of 234619 and 5163557?
1939
What is the highest common divisor of 351767 and 117?
13
Calculate the highest common factor of 1752828812 and 532.
532
What is the greatest common divisor of 4848 and 156144?
48
Calculate the greatest common divisor of 4368 and 1056432.
624
Calculate the greatest common divisor of 678930 and 15.
15
Calculate the greatest common divisor of 151500 and 1062924.
1212
What is the highest common divisor of 4653 and 742175214?
1551
What is the highest common divisor of 7037120 and 2880?
320
Calculate the greatest common factor of 8829 and 790913592.
2943
Calculate the highest common divisor of 392578 and 27208.
38
What is the greatest common factor of 103882208 and 32?
32
Calculate the highest common divisor of 69629 and 471184.
49
What is the greatest common factor of 2091 and 3048637?
41
What is the highest common factor of 4138 and 758673334?
4138
Calculate the highest common factor of 614 and 83016791.
307
What is the highest common divisor of 13810 and 29293772?
2762
What is the greatest common divisor of 10672 and 2310952?
232
Calculate the highest common factor of 822382637 and 681.
227
Calculate the greatest common factor of 141 and 48400929.
141
Calculate the highest common divisor of 660933507 and 195.
39
What is the highest common divisor of 1647 and 101925?
27
What is the highest common factor of 104 and 577330?
26
What is the greatest common divisor of 13281 and 1019841?
699
What is the highest common factor of 104344 and 1312?
8
Calculate the greatest common factor of 65250715 and 3365.
3365
What is the highest common divisor of 12613398 and 42?
42
What is the highest common factor of 50922 and 2001620?
82
What is the greatest common divisor of 8170 and 281975?
5
What is the greatest common divisor of 729135 and 179685?
1485
What is the greatest common factor of 3340 and 199640?
20
What is the greatest common factor of 14421 and 2239050?
759
Calculate the highest common factor of 773184132 and 98.
98
Calculate the highest common divisor of 4742186 and 8.
2
Calculate the highest common divisor of 3689752 and 62744.
2024
Calculate the greatest common factor of 1176 and 17723496.
1176
Calculate the greatest common divisor of 473 and 115819.
11
Calculate the greatest common factor of 912606 and 655752.
534
Calculate the highest common divisor of 1707 and 173699199.
1707
What is the highest common factor of 215550 and 16650?
450
Calculate the greatest common factor of 168636 and 3053778.
3666
Calculate the highest common factor of 770330 and 19928.
94
Calculate the greatest common factor of 24496675 and 25.
25
Calculate the greatest common divisor of 7102 and 1835072.
106
What is the greatest common factor of 14274 and 192123282?
4758
Calculate the highest common divisor of 469497 and 3941.
7
What is the greatest common divisor of 766109768 and 1896?
632
What is the greatest common factor of 282997 and 16016?
143
What is the highest common factor of 3146008 and 64824?
584
What is the greatest common factor of 232902 and 511214?
38
Calculate the highest common factor of 73425 and 108075.
825
What is the highest common factor of 15908 and 29355692?
388
What is the greatest common factor of 102 and 108627178?
34
What is the greatest common divisor of 3170106 and 396?
18
Calculate the greatest common divisor of 7530 and 38921566.
5